e the remainder when 26 is divided by b.
12
Let a be -5 + 6 - (-1)/(-1). Suppose k + k - 34 = a. What is the remainder when k is divided by 9?
8
What is the remainder when 32 is divided by (2 - 3)*(-7 + -2)?
5
Let v(f) = 30*f**2 - 1. Suppose 16*m - 19*m = -30. What is the remainder when v(-1) is divided by m?
9
Let i = -8 + 22. What is the remainder when 50 is divided by i?
8
Let h = 10 - 13. What is the remainder when 38 is divided by (-59)/h + (-1)/(-3)?
18
Let a = 12 - 12. Suppose a*z = -2*z + 60. Calculate the remainder when z is divided by 8.
6
Let m(g) = -g**2 - 10*g - 12. Calculate the remainder when 17 is divided by m(-8).
1
Suppose u + 0 = 3. Suppose -u*v = 2*v + 4*s + 22, -5*v - 36 = -3*s. Calculate the remainder when 44 is divided by (-91)/v - 3/18.
14
Let l(b) = 4*b**2 - 9*b - 4. Let f(u) = 9*u**2 - 19*u - 9. Let d(c) = -2*f(c) + 5*l(c). Calculate the remainder when d(5) is divided by 4.
1
Let a be (-18)/(-30) - (-26)/(-10). What is the remainder when 44 is divided by (-69)/(-6)*a*-1?
21
Suppose 2*o - 62 + 24 = -5*w, 3*o = -2*w + 13. What is the remainder when 25 is divided by w?
1
Suppose -3*n - 5*c = 3 - 26, c + 11 = 2*n. What is the remainder when (-1 + 4)/(n/28) is divided by 4?
2
Suppose 0 = -3*r + 9, 187 = -2*v + 6*v + 5*r. Suppose 10 - v = -3*c. Calculate the remainder when c is divided by 18/8*(-24)/(-9).
5
Let l(z) = 4*z. Let j be l(1). Suppose 235 = 9*d - j*d. What is the remainder when d is divided by 14/1 - (-6)/(-3)?
11
Suppose -16*u = 464 - 2720. Calculate the remainder when u is divided by 49.
43
Let n = -26 + 21. Let z(r) = -r**3 - 3*r**2 - 2*r + 6. What is the remainder when z(n) is divided by 17?
15
Let x = -4 + 7. Calculate the remainder when x is divided by 1.
0
Let c be ((-2)/1 - -4) + -1. Let z be c*(0/(-1))/(-2). Let r = 4 - z. Calculate the remainder when 6 is divided by r.
2
What is the remainder when (-4*1)/((-2)/37) is divided by 15?
14
Calculate the remainder when 96 is divided by 2/(-7) - 552/(-21).
18
Suppose -v + 113 = 4*x, -45 = -x - v - 19. What is the remainder when 112 is divided by x?
25
Let i(l) be the second derivative of -l**5/20 - l**4/3 - l**3/3 - l**2/2 + 6*l. What is the remainder when i(-5) is divided by 9?
7
Let x = -4 - -8. Suppose 3*c = -4*o + 19, -3*c + x*c - 10 = -5*o. Suppose -c*m - 55 + 205 = 0. Calculate the remainder when m is divided by 16.
14
Let n(m) = -4*m**2 + 3*m + 11. Let s(f) = 5*f**2 - 4*f - 11. Let c(x) = 6*n(x) + 5*s(x). Calculate the remainder when 21 is divided by c(0).
10
Let t(s) = -2*s - 2. Let n(i) = -2*i + 9. Let q be n(6). Let f be t(q). What is the remainder when 60 - (f - (2 + -1)) is divided by 15?
12
Suppose a + 96 = 9*a. What is the remainder when 23 is divided by a?
11
Let d = 36 + 3. Suppose 3*m - u - 353 = -2*m, 2*m - 137 = -u. Let a = m - d. What is the remainder when a is divided by 11?
9
Let i be -2*(-2)/(-14)*-7. What is the remainder when (i/(-4))/(2/(-52)) is divided by 4?
1
Suppose 0 = a + 4*g + 12, a + 0*a + 7 = -3*g. Calculate the remainder when 238/22 - a/(-44) is divided by 6.
5
Suppose 0 = -5*l + 2*l + 75. Calculate the remainder when 47 is divided by l.
22
Suppose 4*o = -0*o + 12. Calculate the remainder when 7/o - (-2)/3 is divided by 2.
1
Let h = -29 + 11. Let i = 30 + h. What is the remainder when 35 is divided by i?
11
Let n(i) = 4*i**2 + 5*i - 3. Let o be n(-4). Suppose 3*p - 40 - 54 = 5*x, -2*p - x = -o. What is the remainder when 45 is divided by p?
22
Let o(t) = t**3 - 9*t**2 + 7*t + 8. Let p be o(8). Suppose 5*s = 2*l - 27, 4*l + p*l - 2*s = 30. What is the remainder when 395/35 - (-4)/(-14) is divided by l?
5
Let m be 2/(-4) - 25/(-10). Suppose 2*p = 0, -m*k - p = -4*k + 24. Calculate the remainder when 35 is divided by k.
11
Suppose 3*i + 4*r = 2*i - 17, -2*r = 10. Let c = 11 - 9. Let b(s) = s + 2. What is the remainder when b(c) is divided by i?
1
What is the remainder when 11 is divided by (-4)/(-22) + (-168)/(-44)?
3
Let w(r) = 6*r - 3. Let u be w(2). Let n = -4 + u. Suppose 3*o - 18 = -t - 5, 0 = -4*t + 3*o + 82. Calculate the remainder when t is divided by n.
4
Let r(l) = l**2 + l - 15. Let t be r(0). Let q be t/(-1) + (1 - 2). Suppose -4*h = s - q + 3, -4*s - 16 = h. Calculate the remainder when 11 is divided by h.
3
Suppose 2*r - 105 = -17. Suppose 4*w = -0*w + r. What is the remainder when w is divided by 3?
2
Let y = 1062 - 1036. Suppose 160 + 143 = 3*j. What is the remainder when j is divided by y?
23
Suppose 0 = 2*h - 3*h - 3, -3*h - 57 = 3*u. Let d = u - -41. Calculate the remainder when 47 is divided by d.
22
Let g(o) = -4*o - 7. Calculate the remainder when g(-7) is divided by 11.
10
Suppose 4*r - 50 - 110 = 0. Let u(k) = -k - 4. Let f(m) = 3*m + 13. Let l(p) = -4*f(p) - 14*u(p). What is the remainder when r is divided by l(5)?
12
Suppose -243 - 85 = -4*b. Calculate the remainder when b is divided by 42.
40
Let p(d) = d**3 + 4*d**2 + 3*d + 5. Suppose 3*x + 3 + 9 = 0. Let q be p(x). What is the remainder when (-86)/q - (-2)/(-7) is divided by 7?
5
Let g be 1 + -1 + -4 + 2. What is the remainder when (-3 - (1 - -2))*g is divided by 7?
5
Suppose -4*o + 50 = -5*o. Let q = -28 - o. What is the remainder when q is divided by 12?
10
Suppose -5*l + 10 = b, 0 = 3*l - 7*l - 4*b - 8. Let i(y) be the second derivative of y**3/6 + 2*y**2 + y. Calculate the remainder when i(3) is divided by l.
1
Let i = 13 - 23. Let g = i + 16. What is the remainder when 10 is divided by g?
4
Suppose -27 = -4*s - 3. Let x(n) be the second derivative of n**5/20 - n**4/2 + n**3/2 - 2*n**2 + 2*n. What is the remainder when x(s) is divided by 8?
6
Suppose f + 76 - 150 = 0. Calculate the remainder when f is divided by 13.
9
Suppose -8*j + 82 = -38. Calculate the remainder when 6/21 - (-374)/14 is divided by j.
12
Suppose 3*c - 3 = h, 0 = -2*c + 2 - 0. Let y(u) = -u + 28. What is the remainder when 81 is divided by y(h)?
25
Let v = 10 + 9. What is the remainder when 2 + -8*-1*9 is divided by v?
17
Suppose 0 = -3*r - 2*r + 5. Suppose f + 3*b = 8, 5 = 5*f + 5*b - 5. What is the remainder when -43*(0 + f)*r is divided by 15?
13
Let j be 3 - (-4)/(-4)*3. Suppose 3*x = -0*n - 3*n + 66, 4*x + 2*n - 78 = j. Calculate the remainder when 65 is divided by x.
14
Let m = -136 - -150. What is the remainder when 78 is divided by m?
8
Suppose 4*u + 0*i - 4 = -i, -16 = 4*u - 4*i. Let f be 3 + 1 + 2 + u. Suppose -f*n = -2*n - 84. What is the remainder when n is divided by 11?
10
Calculate the remainder when 37 is divided by 4*(1 - (-9)/6).
7
Suppose -3*f = 3*f - 420. What is the remainder when f is divided by 24?
22
Let w = -21 + 43. Suppose 0 = 4*o - 0 - 24. What is the remainder when w is divided by o?
4
Let y = 9 + 2. Suppose 2*i + 4*z - 98 = 0, -z = 2*z - 12. What is the remainder when i is divided by y?
8
Suppose 0 = -2*j + 2*b - 4, 4*j + 2*b = j + 4. What is the remainder when 41 is divided by 11 - (j + 1 - 1)?
8
Let h(y) = 2*y - 6. Let r = -2 - -7. Let q be h(r). Suppose 4 = -q*k, 0*u + 20 = 3*u + 4*k. Calculate the remainder when 14 is divided by u.
6
Suppose 5*p = 4*f + p - 556, -691 = -5*f + p. Suppose t - 4*t = -f. Let v(l) = 2*l**3 - 3*l**2 - 3*l - 2. Calculate the remainder when t is divided by v(3).
14
Let a(b) = b**2 - 4*b + 6. Calculate the remainder when 32 is divided by a(5).
10
Let a(w) = w**3 - 21*w**2 - 21*w + 15. Calculate the remainder when a(22) is divided by 20.
17
Let i(v) = -11*v. Suppose 0 = -4*p + 3*a + 152, -p = 2*a + a - 53. Calculate the remainder when p is divided by i(-1).
8
Let i(m) = m**3 - m**2 - 1. Calculate the remainder when (78/(-3) - -1)*(-6)/15 is divided by i(2).
1
Let d(i) = 4 - 1 + 9*i + 2. Let u(b) = 4*b + 3. Let m(s) = 6*d(s) - 13*u(s). Calculate the remainder when m(7) is divided by 3.
2
Let y = -17 + 35. What is the remainder when 83 is divided by y?
11
Suppose -3*a = -4*r - 0 + 4, 3*a + r = 1. Suppose a*b + 75 = 5*b. Let k(w) = w**3 + 4*w**2 - w. Calculate the remainder when b is divided by k(-4).
3
Calculate the remainder when 58 is divided by 3 - 5/(5/(-12)).
13
Calculate the remainder when -3 + (3 - 7)*-9 is divided by 6.
3
Suppose 2*s - j = 68, -25 = -s - 0*s + 5*j. Calculate the remainder when s is divided by 20.
15
What is the remainder when (1 - -19)*120/32 is divided by 19?
18
Let p(c) = c**3 + 3*c**2 - 5*